5
Calculate the remainder when 147250 is divided by 9.
1
Calculate the remainder when 38540 is divided by 266.
236
Calculate the remainder when 24999 is divided by 24966.
33
Calculate the remainder when 22973 is divided by 10629.
1715
What is the remainder when 7766 is divided by 29?
23
What is the remainder when 4259 is divided by 80?
19
Calculate the remainder when 2331 is divided by 488.
379
What is the remainder when 1253 is divided by 160?
133
Calculate the remainder when 72225 is divided by 67.
66
What is the remainder when 377071 is divided by 441?
16
What is the remainder when 18788 is divided by 2680?
28
What is the remainder when 1639769 is divided by 62?
55
What is the remainder when 4405 is divided by 3713?
692
What is the remainder when 640 is divided by 198?
46
What is the remainder when 64262 is divided by 7138?
20
Calculate the remainder when 2514 is divided by 160.
114
Calculate the remainder when 4260 is divided by 718.
670
Calculate the remainder when 3862 is divided by 914.
206
Calculate the remainder when 2743 is divided by 1254.
235
What is the remainder when 11028 is divided by 20?
8
What is the remainder when 4754 is divided by 230?
154
What is the remainder when 1667 is divided by 1534?
133
What is the remainder when 31250 is divided by 11?
10
Calculate the remainder when 5660 is divided by 162.
152
Calculate the remainder when 2173 is divided by 32.
29
Calculate the remainder when 38219 is divided by 84.
83
What is the remainder when 16832 is divided by 2395?
67
What is the remainder when 46966 is divided by 184?
46
Calculate the remainder when 1044184 is divided by 66.
64
Calculate the remainder when 28720 is divided by 63.
55
What is the remainder when 888784 is divided by 12?
4
What is the remainder when 42405 is divided by 8475?
30
What is the remainder when 112207 is divided by 18700?
7
What is the remainder when 31532 is divided by 15765?
2
What is the remainder when 1672 is divided by 1654?
18
What is the remainder when 2910 is divided by 791?
537
Calculate the remainder when 3285 is divided by 3277.
8
Calculate the remainder when 3477 is divided by 864.
21
Calculate the remainder when 4509 is divided by 1053.
297
What is the remainder when 31334 is divided by 46?
8
Calculate the remainder when 18316 is divided by 6.
4
Calculate the remainder when 11317 is divided by 3769.
10
What is the remainder when 43107 is divided by 5?
2
What is the remainder when 2062168 is divided by 11?
9
What is the remainder when 392 is divided by 346?
46
What is the remainder when 5924 is divided by 44?
28
Calculate the remainder when 1749186 is divided by 874592.
2
Calculate the remainder when 21381 is divided by 1644.
9
Calculate the remainder when 23594 is divided by 575.
19
What is the remainder when 503708 is divided by 12285?
23
What is the remainder when 20174 is divided by 112?
14
What is the remainder when 55613 is divided by 6951?
5
Calculate the remainder when 1330 is divided by 273.
238
What is the remainder when 1059 is divided by 175?
9
What is the remainder when 2608 is divided by 2576?
32
Calculate the remainder when 7625221 is divided by 149.
146
Calculate the remainder when 289980 is divided by 41415.
75
Calculate the remainder when 292607 is divided by 254.
253
What is the remainder when 5068 is divided by 624?
76
Calculate the remainder when 15707 is divided by 1060.
867
What is the remainder when 53731 is divided by 26730?
271
What is the remainder when 15924 is divided by 28?
20
What is the remainder when 1804 is divided by 678?
448
Calculate the remainder when 153357 is divided by 90.
87
What is the remainder when 54781 is divided by 10946?
51
What is the remainder when 11335 is divided by 11335?
0
What is the remainder when 33072 is divided by 175?
172
What is the remainder when 2602 is divided by 5?
2
What is the remainder when 5257 is divided by 16?
9
What is the remainder when 352 is divided by 122?
108
Calculate the remainder when 35764 is divided by 148.
96
What is the remainder when 84052 is divided by 126?
10
What is the remainder when 11051 is divided by 647?
52
Calculate the remainder when 9145 is divided by 2995.
160
Calculate the remainder when 1496583 is divided by 29.
9
Calculate the remainder when 814889 is divided by 271627.
8
Calculate the remainder when 686 is divided by 19.
2
Calculate the remainder when 580855 is divided by 143.
132
Calculate the remainder when 6231 is divided by 6165.
66
What is the remainder when 61270 is divided by 276?
274
What is the remainder when 1650 is divided by 329?
5
What is the remainder when 660 is divided by 243?
174
What is the remainder when 36429 is divided by 24?
21
What is the remainder when 368730 is divided by 1002?
996
Calculate the remainder when 965248 is divided by 49.
46
What is the remainder when 2696669 is divided by 16?
13
Calculate the remainder when 42416 is divided by 865.
31
Calculate the remainder when 68643 is divided by 9803.
22
What is the remainder when 104427 is divided by 13052?
11
Calculate the remainder when 31818 is divided by 1698.
1254
What is the remainder when 1167 is divided by 381?
24
Calculate the remainder when 240904 is divided by 28.
20
What is the remainder when 2427 is divided by 855?
717
Calculate the remainder when 3237 is divided by 882.
591
Calculate the remainder when 13577 is divided by 542.
27
Calculate the remainder when 28744 is divided by 429.
1
Calculate the remainder when 637865 is divided by 266.
263
Calculate the remainder when 35845 is divided by 61.
38
Calculate the remainder when 8818 is divided by 348.
118
What is the remainder when 24698 is divided by 515?
493
What is the remainder when 262443 is divided by 527?
524
Calculate the remainder when 131 is divided by 30.
11
What is the remainder when 279082 is divided by 13?
11
What is the remainder when 2539 is divided by 306?
91
Calculate the remainder when 1464 is divided by 35.
29
Calculate the remainder when 269078 is divided by 1047.
1046
Calculate the remainder when 5554 is divided by 31.
5
What is the remainder when 39947 is divided by 624?
11
Calculate the remainder when 255833 is divided by 19.
17
Calculate the remainder when 23936 is divided by 79.
78
What is the remainder when 13488 is divided by 4484?
36
Calculate the remainder when 95371 is divided by 1004.
995
Calculate the remainder when 38039 is divided by 9507.
11
Calculate the remainder when 492774 is divided by 573.
567
Calculate the remainder when 605747 is divided by 6.
5
Calculate the remainder when 11841 is divided by 3940.
21
What is the remainder when 423616 is divided by 141201?
13
What is the remainder when 59819 is divided by 29908?
3
Calculate the remainder when 24521 is divided by 8166.
23
Calculate the remainder when 5055 is divided by 267.
249
What is the remainder when 38508 is divided by 38506?
2
What is the remainder when 70975 is divided by 195?
190
What is the remainder when 119682 is divided by 38?
20
Calculate the remainder when 229791 is divided by 1853.
19
Calculate the remainder when 44931 is divided by 211.
199
What is the remainder when 768177 is divided by 93?
90
Calculate the remainder when 6743 is divided by 944.
135
What is the remainder when 2429 is divided by 42?
35
Calculate the remainder when 3478 is divided by 1720.
38
Calculate the remainder when 1005 is divided by 3.
0
Calculate the remainder when 4660 is divided by 3779.
881
Calculate the remainder when 16703 is divided by 2864.
2383
What is the remainder when 987 is divided by 28?
7
Calculate the remainder when 39191 is divided by 799.
40
What is the remainder when 410 is divided by 90?
50
Calculate the remainder when 2820 is divided by 118.
106
What is the remainder when 18535 is divided by 9249?
37
What is the remainder when 1107 is divided by 150?
57
Calculate the remainder when 6935 is divided by 15.
5
Calculate the remainder when 73931 is divided by 36916.
99
Calculate the remainder when 3489 is divided by 19.
12
Calculate the remainder when 246851 is divided by 330.
11
What is the remainder when 536 is divided by 343?
193
What is the remainder when 2739 is divided by 216?
147
Calculate the remainder when 148447 is divided by 29.
25
What is the remainder when 2636 is divided by 457?
351
W